{"id":1780,"date":"2018-03-25T09:08:59","date_gmt":"2018-03-25T09:08:59","guid":{"rendered":"http:\/\/www.telelux.es\/wp-content\/uploads\/2018\/03\/11500246.png"},"modified":"2018-03-25T09:10:09","modified_gmt":"2018-03-25T09:10:09","slug":"11500246","status":"inherit","type":"attachment","link":"https:\/\/www.telelux.es\/ca\/telecomunicacions\/control-dacces\/portero-automomatico\/attachment\/11500246\/#main","title":{"rendered":"kit video portero"},"author":3,"comment_status":"open","ping_status":"closed","template":"","meta":[],"aioseo_notices":[],"description":{"rendered":"<p class=\"attachment\"><a href='https:\/\/www.telelux.es\/wp-content\/uploads\/2018\/03\/11500246.png'><img width=\"300\" height=\"201\" src=\"https:\/\/www.telelux.es\/wp-content\/uploads\/2018\/03\/11500246-300x201.png\" class=\"attachment-medium size-medium\" alt=\"telelux porteros y video porteros\" decoding=\"async\" loading=\"lazy\" srcset=\"https:\/\/www.telelux.es\/wp-content\/uploads\/2018\/03\/11500246-300x201.png 300w, https:\/\/www.telelux.es\/wp-content\/uploads\/2018\/03\/11500246-272x182.png 272w, https:\/\/www.telelux.es\/wp-content\/uploads\/2018\/03\/11500246.png 551w\" sizes=\"(max-width: 300px) 100vw, 300px\" \/><\/a><\/p>\n<p>cambia tu portero por un video portero<\/p>\n"},"caption":{"rendered":"<p>video portero golmar, venta, instalaci\u00f3n, reparaci\u00f3n, servicio t\u00e9cnico.<\/p>\n"},"alt_text":"telelux porteros y video porteros","media_type":"image","mime_type":"image\/png","media_details":{"width":551,"height":370,"file":"2018\/03\/11500246.png","sizes":{"thumbnail":{"file":"11500246-150x150.png","width":150,"height":150,"mime_type":"image\/png","source_url":"https:\/\/www.telelux.es\/wp-content\/uploads\/2018\/03\/11500246-150x150.png"},"medium":{"file":"11500246-300x201.png","width":300,"height":201,"mime_type":"image\/png","source_url":"https:\/\/www.telelux.es\/wp-content\/uploads\/2018\/03\/11500246-300x201.png"},"vantage-carousel":{"file":"11500246-272x182.png","width":272,"height":182,"mime_type":"image\/png","source_url":"https:\/\/www.telelux.es\/wp-content\/uploads\/2018\/03\/11500246-272x182.png"},"vantage-grid-loop":{"file":"11500246-436x272.png","width":436,"height":272,"mime_type":"image\/png","source_url":"https:\/\/www.telelux.es\/wp-content\/uploads\/2018\/03\/11500246-436x272.png"},"sow-carousel-default":{"file":"11500246-272x182.png","width":272,"height":182,"mime_type":"image\/png","source_url":"https:\/\/www.telelux.es\/wp-content\/uploads\/2018\/03\/11500246-272x182.png"},"full":{"file":"11500246.png","width":551,"height":370,"mime_type":"image\/png","source_url":"https:\/\/www.telelux.es\/wp-content\/uploads\/2018\/03\/11500246.png"}},"image_meta":{"aperture":"0","credit":"","camera":"","caption":"","created_timestamp":"0","copyright":"","focal_length":"0","iso":"0","shutter_speed":"0","title":"","orientation":"0","keywords":[]}},"post":1730,"source_url":"https:\/\/www.telelux.es\/wp-content\/uploads\/2018\/03\/11500246.png","_links":{"self":[{"href":"https:\/\/www.telelux.es\/ca\/wp-json\/wp\/v2\/media\/1780"}],"collection":[{"href":"https:\/\/www.telelux.es\/ca\/wp-json\/wp\/v2\/media"}],"about":[{"href":"https:\/\/www.telelux.es\/ca\/wp-json\/wp\/v2\/types\/attachment"}],"author":[{"embeddable":true,"href":"https:\/\/www.telelux.es\/ca\/wp-json\/wp\/v2\/users\/3"}],"replies":[{"embeddable":true,"href":"https:\/\/www.telelux.es\/ca\/wp-json\/wp\/v2\/comments?post=1780"}]}}

<p>video portero golmar, venta, instalación, reparación, servicio técnico.</p>
